hat is the hundred thousands digit of 1280399922?
3
What is the millions digit of 374499295?
4
What is the thousands digit of 69229407?
9
What is the thousands digit of 337836382?
6
What is the units digit of 56085666?
6
What is the ten thousands digit of 432834329?
3
What is the ten millions digit of 28318309?
2
What is the tens digit of 65889947?
4
What is the hundred millions digit of 1819781945?
8
What is the tens digit of 195267608?
0
What is the tens digit of 38247530?
3
What is the hundred millions digit of 582002540?
5
What is the hundred thousands digit of 3201496798?
4
What is the ten millions digit of 73812886?
7
What is the hundred thousands digit of 61695238?
6
What is the tens digit of 10668476?
7
What is the tens digit of 29638781?
8
What is the units digit of 1029302218?
8
What is the tens digit of 171876348?
4
What is the tens digit of 81660365?
6
What is the thousands digit of 1084926322?
6
What is the units digit of 105565542?
2
What is the thousands digit of 442162791?
2
What is the hundred thousands digit of 93725206?
7
What is the hundred thousands digit of 42775033?
7
What is the hundreds digit of 48414494?
4
What is the billions digit of 1145261004?
1
What is the hundred thousands digit of 99334770?
3
What is the hundred thousands digit of 693848043?
8
What is the hundreds digit of 660132252?
2
What is the tens digit of 223282370?
7
What is the units digit of 1076410560?
0
What is the hundred thousands digit of 89219106?
2
What is the hundred thousands digit of 22807192?
8
What is the hundreds digit of 746380745?
7
What is the millions digit of 64230960?
4
What is the thousands digit of 521005870?
5
What is the hundred millions digit of 131115994?
1
What is the hundred millions digit of 1397444375?
3
What is the tens digit of 41962462?
6
What is the thousands digit of 696254859?
4
What is the units digit of 140264830?
0
What is the hundred thousands digit of 3805269004?
2
What is the millions digit of 314099945?
4
What is the hundreds digit of 256210243?
2
What is the billions digit of 6329761355?
6
What is the hundreds digit of 46198681?
6
What is the hundred millions digit of 185650309?
1
What is the ten millions digit of 475441775?
7
What is the thousands digit of 120375213?
5
What is the tens digit of 1067628908?
0
What is the hundred thousands digit of 183063965?
0
What is the tens digit of 17642663?
6
What is the hundreds digit of 215067845?
8
What is the ten thousands digit of 10010956?
1
What is the thousands digit of 30926436?
6
What is the millions digit of 156006168?
6
What is the thousands digit of 2204532941?
2
What is the hundreds digit of 58964797?
7
What is the tens digit of 51129807?
0
What is the hundreds digit of 2217907363?
3
What is the units digit of 137200483?
3
What is the units digit of 5400749015?
5
What is the hundreds digit of 710833546?
5
What is the tens digit of 66248998?
9
What is the tens digit of 34552925?
2
What is the thousands digit of 581461219?
1
What is the ten thousands digit of 43594181?
9
What is the hundreds digit of 157580089?
0
What is the tens digit of 1543191363?
6
What is the units digit of 124111453?
3
What is the billions digit of 1697773313?
1
What is the hundred millions digit of 1509266710?
5
What is the ten millions digit of 397436533?
9
What is the ten thousands digit of 7418021185?
2
What is the ten millions digit of 122847293?
2
What is the units digit of 87648365?
5
What is the ten thousands digit of 282204540?
0
What is the units digit of 38347295?
5
What is the hundreds digit of 460490897?
8
What is the tens digit of 863855648?
4
What is the hundreds digit of 2344057929?
9
What is the ten thousands digit of 1641613737?
1
What is the ten millions digit of 1122640092?
2
What is the tens digit of 172174157?
5
What is the hundreds digit of 217329041?
0
What is the units digit of 213692619?
9
What is the ten millions digit of 2805039966?
0
What is the hundreds digit of 41811766?
7
What is the tens digit of 14030914?
1
What is the hundreds digit of 16268835?
8
What is the hundreds digit of 855167529?
5
What is the hundred thousands digit of 560264815?
2
What is the tens digit of 2678543589?
8
What is the hundred thousands digit of 95365916?
3
What is the millions digit of 286167649?
6
What is the tens digit of 195733292?
9
What is the ten millions digit of 1412261628?
1
What is the millions digit of 367636347?
7
What is the ten thousands digit of 20100100?
0
What is the hundred thousands digit of 107426256?
4
What is the ten thousands digit of 367461716?
6
What is the tens digit of 100562181?
8
What is the ten thousands digit of 218104833?
0
What is the millions digit of 324854218?
4
What is the hundreds digit of 678475999?
9
What is the units digit of 23202084?
4
What is the hundred millions digit of 527013765?
5
What is the thousands digit of 404678201?
8
What is the hundreds digit of 5414136570?
5
What is the ten millions digit of 913436736?
1
What is the millions digit of 331803336?
1
What is the hundred millions digit of 198919587?
1
What is the hundred thousands digit of 104284149?
2
What is the hundreds digit of 972405910?
9
What is the hundred millions digit of 1614146913?
6
What is the ten millions digit of 266708868?
6
What is the thousands digit of 133773240?
3
What is the hundred thousands digit of 534179034?
1
What is the thousands digit of 2205166135?
6
What is the ten millions digit of 25794616?
2
What is the tens digit of 7218621448?
4
What is the ten millions digit of 1935362443?
3
What is the hundred thousands digit of 111172904?
1
What is the hundred millions digit of 3261995682?
2
What is the hundreds digit of 2256038?
0
What is the tens digit of 2247016493?
9
What is the hundred millions digit of 1859275852?
8
What is the hundred millions digit of 222941929?
2
What is the tens digit of 34986870?
7
What is the ten thousands digit of 16032705?
3
What is the ten thousands digit of 556259596?
5
What is the hundred millions digit of 172881374?
1
What is the tens digit of 334766125?
2
What is the tens digit of 2939704964?
6
What is the hundred thousands digit of 161756389?
7
What is the hundred thousands digit of 580054925?
0
What is the millions digit of 725783104?
5
What is the units digit of 8158381?
1
What is the thousands digit of 9018619?
8
What is the hundred thousands digit of 164498353?
4
What is the hundreds digit of 97255040?
0
What is the units digit of 25277592?
2
What is the ten thousands digit of 508188840?
8
What is the ten millions digit of 66345075?
6
What is the tens digit of 438528673?
7
What is the ten millions digit of 4153698058?
5
What is the units digit of 2694802645?
5
What is the hundred thousands digit of 3950069056?
0
What is the tens digit of 471062652?
5
What is the units digit of 78048720?
0
What is the billions digit of 3848753015?
3
What is the hundreds digit of 254559743?
7
What is the ten thousands digit of 195199047?
9
What is the hundreds digit of 39399299?
2
What is the thousands digit of 428148301?
8
What is the units digit of 28026621?
1
What is the tens digit of 79911115?
1
What is the ten millions digit of 2971945938?
7
What is the tens digit of 65899002?
0
What is the tens digit of 21028735?
3
What is the tens digit of 48724095?
9
What is the hundred millions digit of 2328859082?
3
What is the hundreds digit of 197096225?
2
What is the hundred thousands digit of 117588625?
5
What is the ten millions digit of 522692151?
2
What is the units digit of 106988207?
7
What is the tens digit of 2136996?
9
What is the millions digit of 4969930026?
9
What is the ten millions digit of 695789730?
9
What is the tens digit of 79738768?
6
What is the hundreds digit of 31551816?
8
What is the ten thousands digit of 2679647?
7
What is the thousands digit of 824521868?
1
What is the units digit of 48272044?
4
What is the ten thousands digit of 446125616?
2
What is the hundred millions digit of 2141544805?
1
What is the hundred millions digit of 260452963?
2
What is the ten thousands digit of 59472999?
7
What is the hundred thousands digit of 100897398?
8
What is the units digit of 72342784?
4
What is the ten millions digit of 43220858?
4
What is the hundred thousands digit of 156438845?
4
What is the tens digit of 2348617